a (base 13) to base 5.
440431
What is 1000110000111 (base 2) in base 11?
340a
1222 (base 8) to base 3
220101
-2567 (base 8) to base 4
-111313
Convert -10120200 (base 3) to base 6.
-20030
What is 651 (base 7) in base 11?
280
-3601 (base 7) to base 6
-10044
10101 (base 8) to base 13
1b81
What is 4dc (base 16) in base 12?
878
What is -1033110 (base 4) in base 13?
-2406
c0c (base 13) to base 6
13240
Convert -45a4 (base 11) to base 8.
-13633
Convert 2274 (base 12) to base 13.
198a
Convert 22021 (base 7) to base 5.
134003
What is -10331 (base 4) in base 9?
-382
What is -21211111 (base 3) in base 16?
-164e
Convert -14503 (base 6) to base 16.
-927
What is 175750 (base 8) in base 15?
14193
Convert 797 (base 16) to base 12.
115b
What is 16b (base 16) in base 9?
443
Convert 201020 (base 3) to base 7.
1341
Convert 514 (base 6) to base 13.
118
-2105 (base 9) to base 16
-608
Convert 503 (base 6) to base 7.
351
Convert -b016 (base 12) to base 6.
-224030
Convert -915 (base 13) to base 7.
-4326
Convert 106114 (base 8) to base 7.
206466
Convert 9c5 (base 14) to base 3.
2122202
What is 34334 (base 6) in base 10?
4882
What is 130432 (base 5) in base 14?
1c17
What is 8706 (base 9) in base 12?
3859
Convert 2312133 (base 4) to base 9.
17016
3eb (base 16) to base 3
1101011
Convert 100111000001 (base 2) to base 11.
1970
What is -302310 (base 4) in base 7?
-12324
Convert -3316 (base 7) to base 6.
-5301
What is 22304 (base 5) in base 12?
ab7
23 (base 15) to base 11
30
Convert -14514 (base 7) to base 13.
-1aac
What is 11e (base 15) in base 2?
11111110
3262 (base 9) to base 8
4545
Convert -3263 (base 9) to base 8.
-4546
61264 (base 8) to base 2
110001010110100
-35615 (base 7) to base 2
-10010000001000
Convert 1724 (base 9) to base 8.
2446
What is -2102002 (base 4) in base 9?
-13734
What is -3132 (base 6) in base 10?
-704
Convert 240 (base 14) to base 5.
3243
Convert 2308c (base 13) to base 5.
4020304
What is -12426 (base 7) in base 5?
-101203
Convert -426 (base 9) to base 15.
-183
Convert 145453 (base 6) to base 3.
201111120
-1302300 (base 4) to base 15
-2299
Convert 3621 (base 10) to base 8.
7045
Convert -200010 (base 3) to base 13.
-2b8
What is 11322 (base 4) in base 7?
1050
12110102 (base 3) to base 2
111110001100
Convert -110110011000001 (base 2) to base 14.
-a209
What is -10184 (base 10) in base 12?
-5a88
What is 103 (base 15) in base 10?
228
Convert 10958 (base 15) to base 4.
30313331
Convert -8b86 (base 14) to base 6.
-304054
What is 110202 (base 3) in base 4?
11120
What is -4003 (base 8) in base 5?
-31201
Convert -45132 (base 7) to base 15.
-3596
Convert -1ac0 (base 13) to base 9.
-5482
Convert 212121 (base 3) to base 2.
1001111101
Convert 7438 (base 9) to base 15.
1942
1004 (base 6) to base 4
3130
769a (base 12) to base 9
18841
What is -3682 (base 11) in base 3?
-20121010
What is -14125 (base 10) in base 7?
-56116
-1424040 (base 5) to base 6
-350223
Convert -675 (base 13) to base 11.
-91a
22131 (base 4) to base 13
3c6
Convert 955 (base 11) to base 4.
101331
What is 132 (base 15) in base 14?
156
What is -2104 (base 6) in base 3?
-122111
Convert 1b1 (base 15) to base 5.
3031
Convert 316 (base 11) to base 5.
3010
Convert -340003 (base 6) to base 3.
-1110010010
Convert 2121 (base 4) to base 13.
ba
34774 (base 8) to base 10
14844
Convert 160 (base 9) to base 12.
b3
Convert -530a (base 13) to base 5.
-332002
-1000110010010100 (base 2) to base 10
-35988
Convert -c058 (base 13) to base 8.
-63505
9b12 (base 13) to base 11
1529a
What is 25330 (base 6) in base 10?
3798
-103154 (base 6) to base 10
-8494
What is -355354 (base 6) in base 3?
-1120120021
Convert 2367 (base 10) to base 6.
14543
11120 (base 3) to base 7
234
410 (base 12) to base 16
24c
161 (base 14) to base 2
100011001
Convert 9a1 (base 11) to base 2.
10010110000
Convert -1001011001 (base 2) to base 8.
-1131
34e (base 15) to base 11
621
18804 (base 11) to base 3
1100000122
Convert 742 (base 14) to base 4.
112112
1602 (base 8) to base 16
382
-2255 (base 7) to base 10
-824
-32102 (base 4) to base 2
-1110010010
341430 (base 5) to base 16
2f53
13a9 (base 16) to base 9
6812
42 (base 8) to base 12
2a
What is 3d4 (base 16) in base 5?
12410
Convert 117 (base 13) to base 15.
c9
12202222 (base 3) to base 8
10163
Convert 565 (base 12) to base 7.
2216
Convert -285b (base 14) to base 6.
-53013
41a7 (base 12) to base 14
2891
Convert -110001000100 (base 2) to base 3.
-11022022
Convert -1559 (base 13) to base 14.
-11c8
-10a5a (base 11) to base 2
-11111000101100
Convert -6c24 (base 13) to base 12.
-89a0
Convert -1385 (base 14) to base 10.
-3449
118 (base 9) to base 4
1202
What is 752 (base 14) in base 8?
2644
7633 (base 8) to base 5
111440
What is 5159 (base 11) in base 7?
25641
1111011111 (base 2) to base 5
12431
Convert -623 (base 7) to base 8.
-467
What is -62544 (base 8) in base 12?
-13030
What is -211233 (base 5) in base 12?
-4110
What is 20410 (base 5) in base 8?
2513
What is -7215 (base 8) in base 5?
-104400
2304313 (base 5) to base 9
62466
abb0 (base 12) to base 14
6ccc
Convert 511b (base 14) to base 3.
201010100
What is 100422 (base 8) in base 11?
22909
5625 (base 13) to base 9
17446
Convert 179a (base 11) to base 8.
4357
What is -1102121 (base 3) in base 9?
-1377
Convert 1608 (base 13) to base 12.
1a43
What is 31 (base 16) in base 6?
121
What is -14007 (base 11) in base 9?
-30351
-5146 (base 7) to base 11
-1395
Convert -130110 (base 5) to base 15.
-1755
Convert 30c (base 13) to base 7.
1341
42512 (base 6) to base 15
1abe
-52a6 (base 11) to base 10
-7013
What is -4703 (base 10) in base 9?
-6405
Convert -317 (base 12) to base 4.
-13003
What is -b516 (base 13) in base 15?
-763b
Convert -64100 (base 7) to base 9.
-23635
Convert 1100010000010 (base 2) to base 3.
22121101
Convert 12001 (base 4) to base 7.
1060
165 (base 16) to base 10
357
4430 (base 6) to base 10
1026
Convert -315 (base 13) to base 7.
-1350
-215 (base 13) to base 2
-101100100
110101100 (base 2) to base 14
228
What is -172 (base 15) in base 5?
-2312
1001001110110 (base 2) to base 5
122401
721 (base 13) to base 10
1210
What is 1785 (base 12) in base 11?
214a
Convert -200222201 (base 3) to base 9.
-20881
Convert -433 (base 5) to base 11.
-a8
What is -15611 (base 8) in base 3?
-100200002
What is 100010130 (base 4) in base 12?
32110
-42648 (base 9) to base 3
-1102201122
What is -232122 (base 5) in base 6?
-102540
-7303 (base 11) to base 5
-302213
Convert 1626 (base 10) to base 7.
4512
2404 (base 10) to base 8
4544
What is 1081 (base 9) in base 4?
30202
Convert -100010101101010 (base 2) to base 16.
-456a
10200 (base 8) to base 11
31a0
Convert 27644 (base 8) to base 12.
7084
120 (base 9) to base 14
71
441440 (base 5) to base 3
202220122
What is 62010 (base 7) in base 14?
5707
What is 4a5 (base 13) in base 6?
3431
What is 1c80 (base 13) in base 7?
15423
Convert -806 (base 15) to base 14.
-930
44151 (base 7) to base 15
3426
Convert 24d (base 14) to base 10.
461
Convert 154 (base 13) to base 15.
10d
4b36 (base 12) to base 16
215a
Convert 1974 (base 13) to base 4.
323211
Convert 1a2 (base 13) to base 15.
151
Convert -606 (base 8) to base 16.
-186
What is 102411 (base 7) in base 10?
17697
-cc (base 15) to base 2
-11000000
What is -1100100110 (base 2) in base 3?
-1002212
Convert 33212013 (base 4) to base 12.
30b73
4434 (base 6) to base 10
1030
Convert 10110100010110 (base 2) to base 7.
45436
What is -2320 (base 4) in base 2?
-10111000
Convert -131242 (base 6) to base 15.
-3838
Convert -2455 (base 7) to base 4.
-32122
Convert 493 (base 14) to base 5.
12123
Convert -22177 (base 8) to base 4.
-2101333
Convert 887 (base 9) to base 4.
23113
Convert 16ab (base 15) to base 13.
22bb
Convert 1431034 (base 5) to base 16.
75c0
Convert 1285 (base 9) to base 13.
596
-21001 (base 4) to base 5
-4302
1313103 (base 4) to base 13
3624
Convert 1799 (base 10) to base 8.
3407
What is -403 (base 9) in base 7?
-645
55a (base 16) to base 12
962
441 (base 14) to base 4
31021
1001012020 (base 3) to base 8
50111
2030301 (base 4) to base 8
21461
Convert b20 (base 16) to base 2.
101100100000
What is 5a0 (base 11) in base 9?
874
702a (base 12) to base 10
12130
Convert 2f (base 16) to base 3.
1202
Convert 160 (base 7) to base 8.
133
-3b2 (base 14) to base 12
-520
-a844 (base 15) to base 3
-12102120